 3.
1
Let l be (3 + (0 - 34))*(1 - 0). Let a be ((-292)/10)/(1/(-5)). Let y = l + a. What is the greatest common divisor of 23 and y?
23
Suppose -54 = 6*t - 204. Calculate the highest common factor of 100 and t.
25
Suppose -2*j - u - 1 = 0, 2*u = -j - u - 13. Suppose -j + 7 = 5*y. Calculate the highest common divisor of y and 8.
1
Let z be 1 + (1 - -8) + 0. Let s be 304/(-3) + (-1)/(-3). Let v = 211 + s. What is the greatest common factor of z and v?
10
Suppose 31*z - 156 = 5*z. Let f = -36 - -66. Calculate the highest common factor of z and f.
6
Let o be (104/16)/(1/4). Calculate the greatest common divisor of 78 and o.
26
Suppose -2*z - z = 231. Let h = -75 + z. Let y = -103 - h. What is the greatest common divisor of y and 7?
7
Let n = 133 - 83. Let c be 3 + 45/(-18) - (-498)/4. Calculate the greatest common divisor of c and n.
25
Suppose 3*d + 2*b + 62 = 6*b, -150 = 5*d + 5*b. Let x be (-130)/(-6) - d/(-39). What is the highest common divisor of x and 84?
21
Let f be (-38)/(1 + (-2 - 0)). Let n be 42/(-24) - (-6)/8. Let r be (-114)/6*(n - 0). Calculate the highest common factor of r and f.
19
Suppose -5*c - 4*i = -3196, 3*c - 8*c = 2*i - 3188. What is the highest common divisor of 60 and c?
12
Let j be (1 - 2)*(-5 - -2). Suppose -3*n + j = -2*n. Suppose 0 = -4*u + n*k + 352, 4*u = u - k + 251. Calculate the highest common divisor of 17 and u.
17
Let b = 2 - 18. Let d = b - -16. Suppose 4*g = -5*w - d*g + 35, 29 = 3*w + 4*g. Calculate the highest common factor of w and 1.
1
Suppose -n + 7*a = 5*a - 30, -4*a = 5*n - 136. Calculate the greatest common divisor of n and 7.
7
Suppose 0 = -c - 98 + 148. What is the highest common divisor of 70 and c?
10
Let c be (9/6 - (-21)/(-6)) + 561. Calculate the greatest common factor of c and 26.
13
Suppose -14*t + 249 = 53. Calculate the highest common factor of 112 and t.
14
Suppose -s - 2*s - 9 = 0. Let k = s - -5. Suppose 0*c = -3*c - 3, 5*r = -c + 19. Calculate the highest common factor of k and r.
2
Suppose 0 = 2*d + 3*q - 19 + 44, -3*d - 25 = 2*q. Let r = -2 + d. Let x = 19 + r. What is the greatest common divisor of 3 and x?
3
Suppose -972 = -l - 8*l. What is the greatest common divisor of 12 and l?
12
Let w = -153 + 185. Calculate the greatest common factor of w and 1312.
32
Let b(c) = -8*c + 2. Let t = -30 - -28. Let q be ((-8)/(-6))/(t/12). Let v be b(q). Calculate the greatest common factor of 22 and v.
22
Suppose 2*a = -5*x - 25, a - 3*x + 5 - 20 = 0. Suppose -2*v + 0 + 24 = a. Let l be (63/(-27))/((-1)/v). What is the highest common divisor of 196 and l?
28
Let u = 117 + -91. What is the greatest common divisor of u and 1?
1
Let z(x) = 2*x**3 - 2*x**2 + 6*x + 12. Let t be z(4). Calculate the highest common factor of t and 24.
12
Let p(r) = -r**2 + 194. Let v be p(0). Let f = 452 - v. Calculate the highest common divisor of 43 and f.
43
Let z(i) = -1681*i - 2 + 19 + 1685*i. Let v(j) = j**3 + j**2 + 10. Let b be v(0). Let w be z(b). Calculate the greatest common factor of 38 and w.
19
Let a(j) = -j**2 + 5 - 2 - 6*j - 5. Let y be a(-6). Let c be y + 6*20 - 1. What is the highest common divisor of c and 13?
13
Suppose 37 = 5*w + 7. Let i = 2089 - 1951. Calculate the highest common divisor of w and i.
6
Let c = -58 - -78. Suppose 46*i - c = 45*i. Calculate the greatest common factor of i and 20.
20
Let p = 990 + -429. Let w = -111 + 162. What is the highest common divisor of p and w?
51
Suppose 445 = 48*m - 1571. What is the greatest common factor of 2982 and m?
42
Suppose -4*w + 97 = q, -4*q - 4*w + 221 + 191 = 0. Calculate the highest common factor of 63 and q.
21
Suppose 0 = -2*r + 5*r + 96. Let f = 16 - r. What is the greatest common divisor of 3 and f?
3
Let h(r) = 25*r**2 + 19*r + 342. Let t be h(-10). What is the greatest common divisor of 12 and t?
12
Let c be 19 + 19 + -1*(3 + 7). Let h(a) = a**3 - 3*a**2 + 2*a - 3. Let j be h(4). What is the highest common factor of j and c?
7
Let s = 224 + -143. Suppose 22*t + 108 = 26*t. What is the highest common factor of s and t?
27
Let n(k) = -k**2 + 10*k - 5. Let w be 6/((-11)/(165/(-10))). Let b be n(w). What is the greatest common factor of 16 and b?
4
Let w(j) = -5*j**3 + 2*j**2 - j - 13. Let s be w(-3). Calculate the highest common divisor of s and 11.
11
Let s = -194 - -201. Calculate the greatest common factor of s and 7.
7
Let t = -843 - -955. Calculate the highest common divisor of t and 1064.
56
Let y = 48 + -43. Suppose -y = -5*h - 2*u, h - 5*u - 3 = -2. Calculate the greatest common factor of h and 2.
1
Suppose 264 = -516*i + 527*i. Calculate the greatest common divisor of 96 and i.
24
Let u(l) = l**3 - 2*l**2 - l + 3. Let t be u(3). Let z be (-646)/(-153) + (-2)/t. Suppose z*p - 8 = -0*p. What is the highest common divisor of p and 2?
2
Suppose -20 = -2*n - 3*n. Let p(q) = -q**3 + 9*q**2 - 5*q - 4. Let x be p(8). Let c be (8 - x)/((-3)/9). Calculate the highest common divisor of c and n.
4
Let p be 12948/(-9)*(-27)/36. Calculate the greatest common factor of 83 and p.
83
Let m be (-25)/3 - 1/(-3). Let b be 0 + (3/3 - m). What is the highest common factor of 9 and b?
9
Let n be ((-6)/4)/(2/8). Let p be (4 + -28)*4/n. Suppose 9*x - 811 + 91 = 0. What is the highest common divisor of x and p?
16
Let o(i) = 4 - 2 + 7 - 3*i. Suppose 309*a - 40 = 319*a. Let v be o(a). Calculate the highest common divisor of v and 231.
21
Let m(g) be the second derivative of -3*g + g**3 - 5/2*g**2 + 0. Let x be m(2). Calculate the greatest common divisor of x and 21.
7
Suppose -13*t + 13 = -52. Let h be (22/(-4))/(2/(-20)). What is the greatest common divisor of t and h?
5
Suppose 20 = -6*l + 194. Let v = -19 + l. Let d = 35 - -25. Calculate the highest common divisor of v and d.
10
Let h(r) = 8*r**2 + 2*r + 1. Let f be h(-2). Suppose 2 + 21 = 3*p - 5*v, 0 = -4*p + 5*v + f. Let w be 5 + 6*3/18. What is the greatest common factor of w and p?
6
Let q be 2*54/(-12)*-1. Suppose 5*f - 2*f = 9. What is the highest common divisor of q and f?
3
Let k(a) = 55*a - 331. Let c be k(7). Let h = 98 - 62. Calculate the highest common factor of h and c.
18
Let a be (4 + -4 + 27/2)*6. Let i be (-21)/(-35) + (0 - a/(-15)). Calculate the greatest common divisor of 21 and i.
3
Suppose 4*r = 9*r - 15. Suppose -r*b = -4*b + 8. What is the greatest common factor of 16 and b?
8
Let l be 2 - (3 + 1) - 153504/24. Let x be (4/(-5))/2 + l/(-70). What is the greatest common divisor of x and 13?
13
Suppose d - 3*o = 42, -32*d - 47 = -33*d + 4*o. What is the greatest common divisor of 216 and d?
27
Let p be (-8)/(-60) - 16790/(-75). What is the highest common factor of p and 504?
56
Suppose -31 = -5*x - 2*l, 0*x + 30 = 4*x - l. Suppose 12 = x*a - 2. Calculate the highest common factor of 8 and a.
2
Let x = -7 + 16. What is the highest common factor of x and 36?
9
Suppose 2*h = -0*h + 8*h. Let x be 4 + 2 + h + -4. What is the greatest common factor of x and 5?
1
Suppose -7*y + 2*y = -5. Let h be (-9 - -10) + (2 - -4). What is the greatest common divisor of h and y?
1
Suppose 94 = -4*x - 0*s - 2*s, -4*s = 4. Let q = -26 - x. Let c be 3/(0 + q)*-154. Calculate the greatest common divisor of 14 and c.
14
Suppose 33*r + 142 = 34*r - 2*u, 0 = 3*r - 3*u - 426. What is the greatest common divisor of 71 and r?
71
Let y be (-141)/12 + 3/4. Let k = 14 + y. Suppose n = -n - k*i + 12, -7 = n - 5*i. Calculate the greatest common factor of n and 24.
3
Let f = 14 - 9. Let a be -2 + f/(10/(-22)). Let z = -9 - a. Calculate the greatest common factor of 16 and z.
4
Let n = -22 + -3. Let l = n - -29. Let w be l/8 - (-118)/4. What is the greatest common divisor of 20 and w?
10
Let b(f) = f**2 - f - 3. Let d be b(4). Let a be (d/18)/(1/6). Let p be a + (-66)/9*-18. Calculate the greatest common divisor of p and 54.
27
Let k = 43 + -33. Let c be -3*(-9 - -2) - 0. Let g be (1 - c/6)*-44. Calculate the greatest common divisor of g and k.
10
Suppose 0 = 5*s - 36 - 104. Let c = s + -8. Let m(a) = a**2 - 19*a - 46. Let k be m(22). What is the greatest common divisor of c and k?
20
Let u be (-2)/(-8) + (-60)/(-16). Let b be u/(-18) - 4090/(-18). Let j = b - 29. What is the highest common factor of 18 and j?
18
Suppose -5539 = 2*b - 5785. What is the highest common factor of 205 and b?
41
Suppose 14*c = 9*c + 10. 